emainder when 849 is divided by 174?
153
What is the remainder when 677 is divided by 139?
121
Calculate the remainder when 1911 is divided by 66.
63
Calculate the remainder when 256 is divided by 52.
48
Calculate the remainder when 1119 is divided by 33.
30
Calculate the remainder when 911 is divided by 204.
95
What is the remainder when 482 is divided by 12?
2
Calculate the remainder when 753 is divided by 18.
15
What is the remainder when 290 is divided by 95?
5
Calculate the remainder when 260 is divided by 29.
28
What is the remainder when 5311 is divided by 231?
229
Calculate the remainder when 113 is divided by 20.
13
Calculate the remainder when 1537 is divided by 35.
32
Calculate the remainder when 119 is divided by 22.
9
What is the remainder when 41 is divided by 9?
5
Calculate the remainder when 1891 is divided by 100.
91
What is the remainder when 527 is divided by 73?
16
What is the remainder when 1676 is divided by 35?
31
What is the remainder when 25 is divided by 14?
11
Calculate the remainder when 56 is divided by 19.
18
Calculate the remainder when 5182 is divided by 48.
46
Calculate the remainder when 116 is divided by 20.
16
What is the remainder when 14 is divided by 5?
4
Calculate the remainder when 265 is divided by 38.
37
What is the remainder when 618 is divided by 152?
10
What is the remainder when 166 is divided by 76?
14
Calculate the remainder when 111 is divided by 48.
15
Calculate the remainder when 365 is divided by 114.
23
Calculate the remainder when 8230 is divided by 49.
47
What is the remainder when 57 is divided by 39?
18
What is the remainder when 724 is divided by 78?
22
Calculate the remainder when 1179 is divided by 28.
3
What is the remainder when 291 is divided by 75?
66
Calculate the remainder when 209 is divided by 36.
29
Calculate the remainder when 309 is divided by 65.
49
Calculate the remainder when 25406 is divided by 154.
150
Calculate the remainder when 321 is divided by 18.
15
What is the remainder when 32 is divided by 11?
10
Calculate the remainder when 202 is divided by 98.
6
Calculate the remainder when 731 is divided by 78.
29
Calculate the remainder when 68971 is divided by 86.
85
What is the remainder when 1799 is divided by 30?
29
Calculate the remainder when 1130 is divided by 54.
50
Calculate the remainder when 611 is divided by 39.
26
What is the remainder when 194 is divided by 54?
32
Calculate the remainder when 47 is divided by 16.
15
What is the remainder when 235 is divided by 183?
52
What is the remainder when 1022 is divided by 18?
14
Calculate the remainder when 725 is divided by 30.
5
Calculate the remainder when 2224 is divided by 19.
1
What is the remainder when 1238 is divided by 119?
48
What is the remainder when 90 is divided by 79?
11
What is the remainder when 88 is divided by 14?
4
What is the remainder when 1527 is divided by 255?
252
Calculate the remainder when 17 is divided by 10.
7
Calculate the remainder when 233 is divided by 8.
1
Calculate the remainder when 12423 is divided by 52.
47
Calculate the remainder when 136 is divided by 14.
10
What is the remainder when 1715 is divided by 26?
25
Calculate the remainder when 399 is divided by 198.
3
What is the remainder when 862 is divided by 821?
41
Calculate the remainder when 1550 is divided by 111.
107
Calculate the remainder when 535 is divided by 259.
17
What is the remainder when 12 is divided by 3?
0
Calculate the remainder when 675 is divided by 173.
156
What is the remainder when 452 is divided by 11?
1
Calculate the remainder when 49935 is divided by 246.
243
Calculate the remainder when 321 is divided by 23.
22
What is the remainder when 5539 is divided by 118?
111
What is the remainder when 375 is divided by 13?
11
Calculate the remainder when 411 is divided by 199.
13
What is the remainder when 863 is divided by 286?
5
What is the remainder when 40 is divided by 32?
8
What is the remainder when 317 is divided by 64?
61
Calculate the remainder when 8071 is divided by 39.
37
Calculate the remainder when 383 is divided by 42.
5
What is the remainder when 169 is divided by 5?
4
Calculate the remainder when 1672 is divided by 136.
40
Calculate the remainder when 664 is divided by 74.
72
Calculate the remainder when 70 is divided by 37.
33
What is the remainder when 131 is divided by 27?
23
Calculate the remainder when 200 is divided by 75.
50
Calculate the remainder when 83 is divided by 65.
18
Calculate the remainder when 1750 is divided by 103.
102
What is the remainder when 2385 is divided by 25?
10
What is the remainder when 386 is divided by 193?
0
Calculate the remainder when 79 is divided by 39.
1
Calculate the remainder when 725 is divided by 715.
10
What is the remainder when 813 is divided by 12?
9
What is the remainder when 41 is divided by 23?
18
Calculate the remainder when 1161 is divided by 168.
153
What is the remainder when 697 is divided by 39?
34
What is the remainder when 5532 is divided by 11?
10
What is the remainder when 70 is divided by 4?
2
Calculate the remainder when 2912 is divided by 969.
5
Calculate the remainder when 8 is divided by 6.
2
Calculate the remainder when 283 is divided by 60.
43
What is the remainder when 115 is divided by 21?
10
What is the remainder when 68 is divided by 35?
33
What is the remainder when 114 is divided by 104?
10
What is the remainder when 506 is divided by 39?
38
What is the remainder when 175 is divided by 47?
34
What is the remainder when 202 is divided by 17?
15
Calculate the remainder when 205 is divided by 58.
31
Calculate the remainder when 121 is divided by 42.
37
What is the remainder when 927 is divided by 4?
3
What is the remainder when 677 is divided by 138?
125
Calculate the remainder when 190 is divided by 29.
16
What is the remainder when 98 is divided by 37?
24
What is the remainder when 862 is divided by 30?
22
What is the remainder when 128 is divided by 32?
0
What is the remainder when 1583 is divided by 70?
43
Calculate the remainder when 262 is divided by 40.
22
What is the remainder when 3429 is divided by 5?
4
What is the remainder when 77 is divided by 23?
8
Calculate the remainder when 443 is divided by 64.
59
Calculate the remainder when 177 is divided by 48.
33
Calculate the remainder when 933 is divided by 52.
49
What is the remainder when 148 is divided by 15?
13
What is the remainder when 1296 is divided by 53?
24
What is the remainder when 57 is divided by 17?
6
Calculate the remainder when 302 is divided by 39.
29
What is the remainder when 13 is divided by 8?
5
Calculate the remainder when 132 is divided by 10.
2
Calculate the remainder when 662 is divided by 4.
2
What is the remainder when 222 is divided by 2?
0
Calculate the remainder when 171 is divided by 35.
31
What is the remainder when 943 is divided by 92?
23
Calculate the remainder when 292 is divided by 73.
0
What is the remainder when 658 is divided by 20?
18
Calculate the remainder when 408 is divided by 26.
18
Calculate the remainder when 477 is divided by 54.
45
What is the remainder when 65 is divided by 25?
15
What is the remainder when 238 is divided by 26?
4
What is the remainder when 110 is divided by 45?
20
Calculate the remainder when 164 is divided by 106.
58
What is the remainder when 5515 is divided by 366?
25
Calculate the remainder when 165 is divided by 74.
17
Calculate the remainder when 774 is divided by 41.
36
What is the remainder when 320 is divided by 4?
0
Calculate the remainder when 149 is divided by 8.
5
What is the remainder when 46 is divided by 16?
14
Calculate the remainder when 165 is divided by 30.
15
Calculate the remainder when 3425 is divided by 23.
21
Calculate the remainder when 1397 is divided by 22.
11
What is the remainder when 1802 is divided by 201?
194
What is the remainder when 2870 is divided by 190?
20
Calculate the remainder when 256 is divided by 118.
20
What is the remainder when 418 is divided by 7?
5
Calculate the remainder when 377 is divided by 184.
9
Calculate the remainder when 1465 is divided by 46.
39
What is the remainder when 8 is divided by 1?
0
What is the remainder when 55 is divided by 10?
5
What is the remainder when 892 is divided by 112?
108
Calculate the remainder when 449 is d